2 - 5*z + 5. Let k be x(5). What is the highest common divisor of k and h?
10
Suppose 3*m + m = 144. Suppose -p - 4*h = -322, 2*p - 977 = -4*h - 349. Calculate the greatest common factor of m and p.
18
Let a = -1125 - -1152. Let k = 44 - 35. Calculate the highest common divisor of a and k.
9
Suppose -4*c = -0*c + 1236. Let t = c - -110. Let d = -100 - t. What is the highest common factor of d and 9?
9
Let t be 3/(-9)*-6*2. Suppose 0 = -5*j - 4*m + 25, -5*m = t*j - 2*j + 7. Let x be 4/((-42)/(-45) + j/(-15)). What is the highest common factor of 60 and x?
12
Let o(n) = n**2 + 10*n - 167. Let r be o(-23). Calculate the highest common divisor of r and 286.
22
Suppose -3*q = -162*b + 166*b - 318, 5*q = -2*b + 166. Calculate the greatest common factor of 507 and b.
39
Let k be (-796)/(-10) + 6/15. Suppose 5*u = -3*x + 97, 8*x - 5*x - 87 = -3*u. Calculate the greatest common factor of x and k.
8
Let c = 82 + -97. Let o = 143 + c. Calculate the highest common factor of 16 and o.
16
Let v = 109 + -107. Suppose 20 = 4*o - 4. Suppose v*w + 684 = o*w. Calculate the greatest common factor of w and 19.
19
Suppose 0 = 20*d + 112 - 1252. Calculate the greatest common factor of 15 and d.
3
Suppose -3*s + 56 + 115 = 0. Suppose -s - 7 = -16*v. Suppose -y = -0*m - 5*m - 149, 5*y - 724 = v*m. What is the highest common factor of y and 18?
18
Let a be ((-21)/(-5) - (-1)/(-5)) + -1. Let b be 108*(-6 - (-19)/a). Calculate the greatest common divisor of b and 84.
12
Let p(h) = -2*h**3 - 175*h**2 + 47*h - 3561. Let z be p(-88). Let i = 1469 + -858. Calculate the highest common factor of z and i.
47
Let h(v) = -v**3 + 6*v**2 + 5*v + 2. Let t be h(-2). What is the highest common divisor of 512 and t?
8
Suppose 3*k - 784 = -23*u + 22*u, 2*u - 1568 = 5*k. Calculate the greatest common factor of 343 and u.
49
Suppose -b - 1 = 0, -3947*b + 3951*b = -4*q + 100. Calculate the highest common factor of 4537 and q.
13
Suppose k + 180 = 16*k. Suppose 2*w = 3*h - 8, -5*h + 2*w = -4 - 12. Let p = 8 - h. What is the highest common divisor of k and p?
4
Let t = -8 - -15. Let u be 47 + -15 + 20 - -11. Calculate the greatest common divisor of t and u.
7
Let v = 1 - 1. Suppose -67 + 18 = -4*n + m, v = 3*n - 5*m - 24. Suppose -33*y - 1442 = -14*y - 4159. What is the highest common divisor of n and y?
13
Let m be (-121 - (5 + -6))*(-20)/16. Let n = m - 106. Calculate the greatest common divisor of n and 99.
11
Suppose 3*s + 531 = -48. Let g = 199 + s. Let w = 0 - -2. What is the greatest common divisor of g and w?
2
Let n = 7 - 2. Let b(g) = -g**3 - 16*g**2 + 5*g - 38. Let w be b(-8). Let l = w + 600. What is the highest common divisor of n and l?
5
Suppose 0*y + 5*y = 405. Suppose 0 = 4*w + y + 47. Let m = w + 41. What is the highest common divisor of 36 and m?
9
Suppose -2*d + 76 = 4. Suppose 0 = -52*b + 29*b + 414. What is the highest common divisor of b and d?
18
Let a(p) = -2*p**3 - 34*p**2 - 8*p - 8. Let h be a(-17). Suppose 3*d = -50 + h. Calculate the greatest common divisor of d and 6.
2
Let r be (-132)/(-10) - (-180)/(-150). Suppose x + 4*t - 69 = -t, 6 = -2*t. Suppose -q = -2*q + x. Calculate the greatest common divisor of q and r.
12
Suppose -3*h + 804 = -5*z + 3*z, 2*h - 3*z = 521. Calculate the greatest common divisor of 34 and h.
2
Let x(m) = m**3 + 2*m**2 - 10*m - 6. Let w be x(-4). Suppose -2*j - w*s = -s - 252, 5*j - s = 616. Calculate the greatest common divisor of 155 and j.
31
Suppose 5*h - 584 = 471. Let z = h - 191. What is the highest common factor of 20 and z?
20
Let m be 14*10/(-5 - -10). Let z be 10/(-4) - (-7)/14. Let g be (-5)/(5/z) + 222. What is the highest common factor of m and g?
28
Let l = 9008 + -7942. What is the greatest common factor of l and 104?
26
Let h(l) = -3*l**3 - 2*l**2 - 2*l - 3. Let g be h(-1). Suppose 6*c - 24 = 4*c - s, 3*c + 3*s - 39 = g. Calculate the greatest common factor of 297 and c.
11
Suppose -z - 3*j = 2*z - 72, -3*z - 2*j = -67. Suppose -5*k + f + 2759 = 0, -13 = 4*f + 3. Calculate the highest common factor of z and k.
19
Let s(p) = 6*p**2 + 6*p + 8. Let w be s(-7). Suppose -j - 5*d + 10 = 0, 4*j - 2*d = 2*d + 304. Calculate the greatest common divisor of w and j.
65
Let m(w) be the first derivative of -w**3/3 - 9*w**2/2 - 16*w - 15. Let u be m(-6). Let l be 2*144/3 - u. What is the greatest common divisor of l and 141?
47
Suppose -g + 12 = o + g, o + 4 = 2*g. Let s(v) = 2*v - 7. Let k be s(o). Let j be k/(-1) - (5 + -6 - 5). What is the greatest common divisor of j and 40?
5
Let p(m) = -14*m - 43 - 56 - 12*m - 11*m + 149. Let h be p(-4). What is the highest common factor of 22 and h?
22
Let q(h) = -5*h**3 - 3*h**2 + h + 2. Let o be q(-1). Suppose 3 = -b + o*j, 5*b - 2*j = 4*b. What is the highest common factor of 1 and b?
1
Let x = 37 + -33. Suppose x*n = n + 4*n. Suppose n = 6*v - 4*v - 150. Calculate the greatest common divisor of 25 and v.
25
Let j = 31 - 28. Suppose 6 = 2*u + 4*m, 4*m - j*m = 4. Let y(s) = s**2 + 10. Let h be y(u). What is the highest common divisor of h and 175?
35
Let n be 18/423 + 1931602/94 + 6. What is the highest common divisor of n and 5?
5
Let z be (-20)/5*(15/6)/(-5). Suppose -3*g + 163 = 4*x, -3*g = -z*x - x + 96. Calculate the greatest common divisor of x and 37.
37
Let m(f) = -8*f**2 + 21*f + 111. Let j(l) = 15*l**2 - 42*l - 221. Let a(b) = -3*j(b) - 7*m(b). Let r be a(-6). What is the highest common factor of r and 24?
24
Let a(z) = -z**2 + 61*z + 200. Let d be a(36). What is the greatest common divisor of d and 55?
55
Suppose -17 = -18*m + 649. Let x = -13 + m. What is the highest common factor of x and 912?
24
Let q = -2995 + 3016. What is the highest common divisor of q and 98?
7
Let t(q) = -142*q**2 - 3289*q - 7. Let l be t(-23). Calculate the highest common divisor of 477 and l.
9
Suppose -4 = 4*a, -324*a + 321*a + 41 = p. Calculate the highest common factor of 1287 and p.
11
Let m = -68 + 138. Let i = -563 - -633. Calculate the greatest common factor of m and i.
70
Let m(h) = 2*h**2 + 17*h + 59. Let n be (-32)/112 + 120/(-21). Let y be m(n). Calculate the greatest common divisor of y and 203.
29
Let m be 1 + 0 + 0 + 19. Let v = m + 24. Suppose 674*s = 938*s - 81312. Calculate the highest common divisor of s and v.
44
Let w(k) = -49*k - 2. Let s be w(-2). Let g be (-4368)/14 + 6*(-2)/4. Let t = g - -327. Calculate the greatest common factor of t and s.
12
Let w be 18/(235/285*-6 - -5). What is the highest common factor of 912 and w?
114
Suppose -p - 7*d + 597 = -4*d, -d + 597 = p. Suppose -2*q + p = 65. Calculate the greatest common divisor of 38 and q.
38
Suppose -9*n + 4*n + 4*d + 1785 = 0, 3*n - 2*d = 1073. Let u = -32 + n. Calculate the greatest common divisor of u and 14.
7
Suppose -6*w + 2073 = -1587. Calculate the highest common factor of 732 and w.
122
Let f(d) = d**3 - 14*d**2 + 13*d + 5. Let x be (52/(-16))/(2/(-8)). Let a be f(x). Let k = 0 + a. What is the greatest common factor of 5 and k?
5
Let n = 1098 + 5097. Calculate the greatest common divisor of 531 and n.
177
Suppose f - 60 = 20. Let l = 32234 + -32224. Calculate the highest common factor of l and f.
10
Let d(r) = 79*r + 4110. Let y be d(-41). What is the highest common divisor of 26 and y?
13
Let w be 1986/54 - 12/(-432)*8. Suppose -5*i + 1009 = 3*n, n - i = -4*i + 339. What is the greatest common factor of n and w?
37
Suppose -5*f + 2067 = -3*j, -3*j - 16 = -19. What is the greatest common divisor of 774 and f?
18
Let c(t) = 5*t - 27. Let p be c(3). Let u be -1*3/p*28. Suppose 734 = u*f - 1345. What is the greatest common divisor of 11 and f?
11
Suppose 81*y - 251*y + 58608 = 163*y. Calculate the greatest common divisor of 3824 and y.
16
Let x(z) = z**2 - 481*z + 1736. Let s be x(0). What is the greatest common divisor of 448 and s?
56
Suppose -3*x = -h + 1749, 5*x - 5205 = 151*h - 154*h. Calculate the highest common factor of 50 and h.
10
Suppose 1498*w - 1501*w + 243 = 0. What is the greatest common divisor of w and 477?
9
Suppose 2*k = -2*r - 2*r + 2160, 3*r = -5*k + 1634. Calculate the greatest common divisor of r and 15871.
269
Let g(f) = f**2 - 7*f + 24. Let x = 55 + -55. Suppose -4*i + 5*n + 20 = x, -i - 3*i + n + 4 = 0. Let v be g(i). What is the greatest common factor of 168 and v?
24
Suppose 2*z - 267 